 11*k**2 + 15*k - 29. Let x(o) = -5*o**2 - 7*o + 14. Let m(q) = 6*w(q) + 13*x(q). Let l be m(0). Suppose -20 = 3*n - l*n. Is n a prime number?
False
Let l = 3078 - -3154. Let k = 10943 - l. Is k a composite number?
True
Is (5215/(-70))/((-1)/10) prime?
False
Is (-2)/(-14) - 21183632/(-238) composite?
True
Let l(y) = 819*y**2 + 36*y - 2. Is l(-7) composite?
False
Is 1/(55/22) - (-73688)/5 a prime number?
False
Suppose -2*p + 3512 + 928 = 0. Suppose 3*x = -5*y + p, -3*x + 0*x - 909 = -2*y. Is y prime?
False
Let u = 2019 - 1162. Let c = u + -70. Is c a composite number?
False
Suppose 32 - 10 = 2*x. Let w = x - 10. Is (3470/4)/(w/2) a prime number?
False
Let d be (5*3)/(3/26). Suppose 9*a - 10 = 4*a. Is 1 + d - (2 + a) a composite number?
False
Let h(v) = 133*v**3 - 8*v**2 - 15*v + 30. Is h(4) a prime number?
False
Let v(f) = 53*f**2 + 2*f + 6. Let r(h) = 53*h**2 + 2*h + 7. Let p(b) = 4*r(b) - 5*v(b). Let x be p(-10). Is 8/(-52) - x/26 prime?
False
Let p = 38 + -45. Let u(j) be the first derivative of j**4/4 + 3*j**3 + 5*j**2/2 - 8*j + 1. Is u(p) prime?
False
Suppose -g - 518 = -4*w + g, 4*g - 234 = -2*w. Is w a composite number?
False
Suppose 644 + 852 = -11*o. Let v = o + 455. Is v a prime number?
False
Let y(h) = -h**3 + h**2 + 3*h - 5. Let g be y(2). Let z be (56/21)/(2/g). Is z/18 + (-73485)/(-81) composite?
False
Is (34890/25)/((-54)/(-90)) composite?
True
Let a be -2*14*3/(-12). Suppose -3*z - 12 = -5*f, -2*z - a - 1 = 3*f. Let s(k) = -36*k + 5. Is s(z) a composite number?
False
Let r(v) = 18*v**3 + v**2 - 2*v + 1. Suppose p - 3*p + 4 = 0. Suppose 5*b = 6*b - p. Is r(b) a composite number?
True
Let b be 5*((-1)/(-5) - 0)*2. Suppose -3103 = -m - b*v, -5*m + 1403 + 14130 = 4*v. Is m prime?
True
Let d be ((-120)/(-20))/(-2*6/(-8)). Suppose d*k - 1772 - 1392 = 0. Is k a prime number?
False
Let z(v) = 9 - 925*v**3 + 2*v**2 + 217*v**3 + 8*v - 2*v. Is z(-2) a composite number?
False
Let o be (57744/(-40) + 2)/(2/(-10)). Suppose 7*z - o = -z. Is z composite?
True
Let q be 1/(-2*(-4)/(-72)). Let n = -28 + q. Let y = n - -104. Is y a prime number?
True
Suppose 627 + 1967 = w. Is w composite?
True
Let r(v) = -4*v**3 - 18*v**2 - 3*v - 7. Let z(m) = -2*m**2 + 6*m. Let u be z(4). Is r(u) a prime number?
False
Let m(z) be the second derivative of -z**5/20 - z**4/12 + z**3/3 + 23*z**2 - 2*z. Is m(0) composite?
True
Suppose -5*t - 5 = -30. Let v(s) = 2*s**3 + 5*s**2 - 3*s + 11. Is v(t) a prime number?
False
Let s = -245 + -405. Let h = 915 + s. Is h prime?
False
Suppose -4*h + 3 = 5*i, 0 = -h - 0*h + 3*i + 22. Suppose h*o = 11*o + 16. Is (-1 - -1612)/3 - o a prime number?
True
Let b(a) = 24*a**3 + 2*a**2 - 60*a + 17. Is b(12) a prime number?
True
Suppose 4*s + 6 - 46 = -5*q, -5*s = -q + 37. Let t(z) = 27*z - 8. Let k be t(q). Suppose k + 13 = h. Is h a composite number?
True
Let u = -52330 + 94703. Is u composite?
False
Let z = -1 + 3. Let o(b) = b**2 - b + 2. Let p be o(z). Suppose -58 = -p*m + 210. Is m composite?
False
Let k be 15/(-2)*(-36)/45. Suppose -11 = -3*q - p, q = k*q + 4*p - 23. Suppose 27 = -q*f + 102. Is f a composite number?
True
Suppose -q - 40 = -699. Let b = 119 - q. Let n = -169 - b. Is n composite?
True
Let x(v) = -v**2 - 7*v + 11. Suppose -7 - 25 = 4*l. Let k be x(l). Suppose -k*z = 3*s - 186, -z + 330 = s + 4*s. Is s a composite number?
False
Let u(h) = 1531*h**2 + 2*h + 1. Let s be ((-2)/1)/(8/4). Let m be u(s). Suppose -w + 4*c + c + 524 = 0, 3*w = c + m. Is w a composite number?
False
Let r = 14021 + -7324. Is r a prime number?
False
Let a be 1469/(-9) + (6 - 260/45). Let j = a + 542. Is j a composite number?
False
Let k(a) = 561*a**3 - 30*a**2 + 136*a - 6. Is k(5) prime?
False
Let p be (12/(-20))/(2/(-10)). Let u(r) = 10*r - 4*r**2 - 10*r + 5*r**p - 4. Is u(5) a composite number?
False
Let z(r) = -730*r + 15. Let m be z(-8). Suppose -95*y + 90*y = -m. Is y composite?
False
Let s(a) = a**2 + 23. Let m be s(-11). Suppose 0 = v - m - 1049. Is v a composite number?
False
Let o(s) = -s - 9. Let z be o(-14). Suppose -j = -z*j + 3188. Suppose 5*k = -x - 3*x + j, 5*x + 2*k = 1009. Is x prime?
False
Let w = -25 + 23. Is (-1)/w - 1044/(-8) prime?
True
Suppose 3*d - 5 = s + 3, 0 = -4*d + 4*s. Let b(j) = 51*j - 10. Let l be b(d). Suppose -4*v + 546 = -l. Is v composite?
True
Is (-639758)/(-126) + (3 - (-62)/(-18)) a composite number?
False
Let m(p) = -16*p**3 - 7*p**2 - p + 5. Let x be m(-5). Let g = x + -1004. Is g composite?
True
Let o = 1235 + 864. Is o a prime number?
True
Suppose -5*t - p = -3936, -5*p + 3152 = 4*t - p. Is t a composite number?
False
Let l be 1*(-2)/6*-597. Let v = l + -116. Suppose 4*h + 758 = 2*f, -3*h - 466 = -f - v. Is f a composite number?
True
Suppose 5*k - 1549 = 4*g, -4*g + 308 = k - 3*g. Suppose -2*i + k = -7. Is i prime?
False
Suppose -3*i + 3464 + 6273 = 4*w, -3*w = -3*i + 9765. Is i composite?
False
Suppose -1320 = -2*a + 2*n, -a - 8*n + 4*n = -660. Suppose 2*c - a = 274. Is c composite?
False
Let g(z) = 5 - 3*z + 11*z**2 + 3*z - z**3 + 5*z - 6*z**2. Let j be g(6). Is j/(((-2)/(-19))/(-2)) prime?
True
Let y = -33 + 49. Let b(u) = 293*u + 51. Is b(y) a prime number?
False
Suppose 5*s + 19295 + 172685 = 5*g, -191985 = -5*g + 4*s. Is g a composite number?
True
Suppose -2*l + 7 + 15 = 0. Let u(s) = 2*s + 22. Let n be u(-10). Is (-2613)/(-33) - n/l a composite number?
False
Let v(l) = -75*l + 21. Let s be v(7). Let r(u) = 42*u**2 - 2*u - 1. Let f be r(-3). Let c = f - s. Is c a composite number?
False
Suppose -x = -3*d - 534, 2*d - 2*x = -7*x - 373. Let a = 431 - d. Is a/7 + 11/(-77) a composite number?
True
Suppose 3*y - 7*y + 1391 = z, -4*y = 2*z - 1394. Let u = y + -121. Is u prime?
False
Let t(d) = 47*d**2 + 21*d + 4. Let i be t(11). Let c = -3493 + i. Is c a composite number?
True
Is (-2 - 14037/18)/(12/(-72)) a composite number?
False
Suppose 0 = -5*i - 4*h + 37, 0 = -4*i - 6*h + h + 35. Suppose -3*r - 3 = -2*r - 5*m, -5*r + i*m = -85. Is r composite?
True
Let a be ((-986)/6)/((-5)/15). Suppose 4*l - 1972 = n, n + a = l + 2*n. Is l composite?
True
Let z(b) = -b**2 + b + 7. Let q be z(0). Suppose 3*k = q*k - 2012. Is k a composite number?
False
Let z(l) = l**3 + 7*l**2 + 6*l + 3. Let n be z(-6). Suppose u + 8 = 3*g, -4*u - 2 = -n*u. Let i(p) = 48*p - 5. Is i(g) prime?
False
Let m(l) be the second derivative of -25*l**3/3 - 3*l**2 + 2*l. Let y(q) = q. Let v(x) = m(x) + 5*y(x). Is v(-3) prime?
False
Suppose 7*y - 6*y = 0. Suppose y = -3*m + 7 + 8. Suppose 0 = m*r - 579 - 476. Is r a composite number?
False
Let o(p) = -p**3 - 9*p**2 + 26*p - 7. Is o(-19) composite?
False
Let i(v) = -392*v - 79. Let t(p) = -2*p + 1. Let f(w) = i(w) - 6*t(w). Is f(-10) composite?
True
Let o = 101 + -107. Is ((-5912)/12)/(4/o - 0) prime?
True
Suppose -215 = -n - 3*f + 23, 1751 = 7*n + 4*f. Is n a composite number?
True
Suppose -4177 - 216 = -3*x - q, 0 = 2*x + 3*q - 2931. Suppose 4*y + 26 = 2*d + 6, -4*d = -y - 5. Suppose 5*f - x + 409 = d. Is f composite?
False
Let m = 51303 - 11810. Is m a prime number?
False
Is 5*1747*74/74 a prime number?
False
Let h = -21744 + 47723. Is h a composite number?
True
Suppose 41 + 0 = 4*n + 3*s, 0 = s + 5. Let i = 17 - n. Suppose 1914 = 3*y - 3*a, -i*y + 2*a - 7*a + 1938 = 0. Is y prime?
True
Suppose 7 + 48 = 5*o. Let j(m) = 3*m**2 - 15*m + 5. Is j(o) a prime number?
False
Suppose 2*c + 2*c = 5*w, 0 = -c - 4*w + 21. Let h(s) = s + 7. Let p be h(-4). Suppose -n + 3*j - 367 = -c*n, 272 = p*n - j. Is n prime?
False
Let j = 15 - -20. Let p = 158 - j. Is p a prime number?
False
Suppose 2*d - 10 = 2*x, -2*d - 3*x - x - 2 = 0. Is 3376/(-24)*d/(-2) prime?
True
Let y(t) be the second derivative of t**3/3 - 5*t**2/2 - 9*t. Let b be y(5). Suppose -2*q = -b*u - 966, u + 737 = 5*q - 1655. Is q a prime number?
False
Let c = 0 + 2. Suppose 0 = 4*a + 3*o + 5, -3*a = 3*o - c + 5. Is (-3)/a + 135/2 a composite number?
True
Let w be -3*(-3)/(-9) - -3. Let l be (17/(-17))/((-1)/w). Suppose 47 = l*n - 275. Is n a prime number?
False
Let x(a) = a**3 + 13*a**2 - 17*a - 13. Let h be x(-13). Let l be h/91 - (-2)/(-7). Suppose 3*v = -2*z + 181, -l*z = 3*z - 4*v - 395. Is z a composite number?
False
Is 2/3 + (-10)/((-480)/46864) a composite number?
False
Let s(l) = 2*l**2 + 2*l + 5. Let w be (76/8)/((-3)/(-6)). Suppose 